{"id":113,"date":"2017-02-23T12:05:00","date_gmt":"2017-02-23T11:05:00","guid":{"rendered":"http:\/\/tc-bakalarskapraca.rhcloud.com\/?page_id=113"},"modified":"2017-07-07T09:08:33","modified_gmt":"2017-07-07T07:08:33","slug":"skupiny","status":"publish","type":"page","link":"https:\/\/www.tenisovecentrum.sk\/?page_id=113","title":{"rendered":"Skupiny"},"content":{"rendered":"<p>[vc_row][vc_column][vc_column_text]Tr\u00e9ningov\u00fd proces prebieha po skupin\u00e1ch alebo po dohode aj na individu\u00e1lnej pr\u00edprave. V tenisovej \u0161kole aktu\u00e1lne p\u00f4sob\u00ed <span style=\"color: #008080;\">7 tr\u00e9ningov\u00fdch skup\u00edn<\/span>, v ktor\u00fdch s\u00fa jednotliv\u00e9 deti zaraden\u00e9 pod\u013ea veku, schopnost\u00ed, d\u013a\u017eky nav\u0161tevovania Tenisovej \u0161koly a v neposlednom rade pod\u013ea v\u00fdkonu a v\u00fdsledkov. Po\u010das letnej sez\u00f3ny m\u00e1 ka\u017ed\u00e1 skupina tr\u00e9ning po 2 a\u017e 3 razy v ka\u017edom t\u00fd\u017edni. Po\u010das zimnej sez\u00f3ny sa tr\u00e9ningy pod\u013ea skup\u00edn upravuj\u00fa.[\/vc_column_text][\/vc_column][\/vc_row]<\/p>\n","protected":false},"excerpt":{"rendered":"<p>[vc_row][vc_column][vc_column_text]Tr\u00e9ningov\u00fd proces prebieha po skupin\u00e1ch alebo po dohode aj na individu\u00e1lnej pr\u00edprave. V tenisovej \u0161kole aktu\u00e1lne p\u00f4sob\u00ed 7 tr\u00e9ningov\u00fdch skup\u00edn, v ktor\u00fdch s\u00fa jednotliv\u00e9 deti zaraden\u00e9 pod\u013ea veku, schopnost\u00ed, d\u013a\u017eky nav\u0161tevovania Tenisovej \u0161koly a v neposlednom rade pod\u013ea v\u00fdkonu a v\u00fdsledkov. Po\u010das letnej sez\u00f3ny m\u00e1 ka\u017ed\u00e1 skupina tr\u00e9ning po 2 a\u017e 3 razy v ka\u017edom [&hellip;]<\/p>\n","protected":false},"author":1,"featured_media":0,"parent":33,"menu_order":0,"comment_status":"closed","ping_status":"closed","template":"","meta":{"footnotes":""},"_links":{"self":[{"href":"https:\/\/www.tenisovecentrum.sk\/index.php?rest_route=\/wp\/v2\/pages\/113"}],"collection":[{"href":"https:\/\/www.tenisovecentrum.sk\/index.php?rest_route=\/wp\/v2\/pages"}],"about":[{"href":"https:\/\/www.tenisovecentrum.sk\/index.php?rest_route=\/wp\/v2\/types\/page"}],"author":[{"embeddable":true,"href":"https:\/\/www.tenisovecentrum.sk\/index.php?rest_route=\/wp\/v2\/users\/1"}],"replies":[{"embeddable":true,"href":"https:\/\/www.tenisovecentrum.sk\/index.php?rest_route=%2Fwp%2Fv2%2Fcomments&post=113"}],"version-history":[{"count":2,"href":"https:\/\/www.tenisovecentrum.sk\/index.php?rest_route=\/wp\/v2\/pages\/113\/revisions"}],"predecessor-version":[{"id":918,"href":"https:\/\/www.tenisovecentrum.sk\/index.php?rest_route=\/wp\/v2\/pages\/113\/revisions\/918"}],"up":[{"embeddable":true,"href":"https:\/\/www.tenisovecentrum.sk\/index.php?rest_route=\/wp\/v2\/pages\/33"}],"wp:attachment":[{"href":"https:\/\/www.tenisovecentrum.sk\/index.php?rest_route=%2Fwp%2Fv2%2Fmedia&parent=113"}],"curies":[{"name":"wp","href":"https:\/\/api.w.org\/{rel}","templated":true}]}}