{"id":418,"date":"2017-04-26T13:32:40","date_gmt":"2017-04-26T11:32:40","guid":{"rendered":"http:\/\/tc-bakalarskapraca.rhcloud.com\/?page_id=418"},"modified":"2019-04-29T08:42:02","modified_gmt":"2019-04-29T06:42:02","slug":"bufet","status":"publish","type":"page","link":"https:\/\/www.tenisovecentrum.sk\/?page_id=418","title":{"rendered":"Bufet"},"content":{"rendered":"<p>[vc_row][vc_column][vc_column_text]Ka\u017ed\u00fa jednu spolo\u010densk\u00fa akciu dohadujeme individu\u00e1lne pod\u013ea po\u017eiadaviek klienta.\u00a0Po\u017eiadavkam klienta prisp\u00f4sobujeme jedlo, formu stravovania, \u0161t\u00fdl stolovania, zabezpe\u010denie hudby at\u010f.<\/p>\n<p><strong>Bli\u017e\u0161ie info, objedn\u00e1vky a rezerv\u00e1cie:\u00a0<\/strong><\/p>\n<ul>\n<li><a href=\"tel:+421905184117\">0905 184 117<\/a> (Recepcia Tenisov\u00e9 centrum)<\/li>\n<li>skpepas@tenisovecentrum.sk (Iveta Stankov\u00e1)<\/li>\n<\/ul>\n<p>[\/vc_column_text][\/vc_column][\/vc_row][vc_row][vc_column][vc_gallery type=&#8220;image_grid&#8220; images=&#8220;441,443,445,447,449,451,453,455,457,459,461,465,469,462,463,439,985,986,987,988,989,990,991,992&#8243; title=&#8220;Fotogal\u00e9ria&#8220;][\/vc_column][\/vc_row]<\/p>\n","protected":false},"excerpt":{"rendered":"<p>[vc_row][vc_column][vc_column_text]Ka\u017ed\u00fa jednu spolo\u010densk\u00fa akciu dohadujeme individu\u00e1lne pod\u013ea po\u017eiadaviek klienta.\u00a0Po\u017eiadavkam klienta prisp\u00f4sobujeme jedlo, formu stravovania, \u0161t\u00fdl stolovania, zabezpe\u010denie hudby at\u010f. Bli\u017e\u0161ie info, objedn\u00e1vky a rezerv\u00e1cie:\u00a0 0905 184 117 (Recepcia Tenisov\u00e9 centrum) skpepas@tenisovecentrum.sk (Iveta Stankov\u00e1) [\/vc_column_text][\/vc_column][\/vc_row][vc_row][vc_column][vc_gallery type=&#8220;image_grid&#8220; images=&#8220;441,443,445,447,449,451,453,455,457,459,461,465,469,462,463,439,985,986,987,988,989,990,991,992&#8243; title=&#8220;Fotogal\u00e9ria&#8220;][\/vc_column][\/vc_row]<\/p>\n","protected":false},"author":1,"featured_media":0,"parent":39,"menu_order":0,"comment_status":"closed","ping_status":"closed","template":"","meta":{"footnotes":""},"_links":{"self":[{"href":"https:\/\/www.tenisovecentrum.sk\/index.php?rest_route=\/wp\/v2\/pages\/418"}],"collection":[{"href":"https:\/\/www.tenisovecentrum.sk\/index.php?rest_route=\/wp\/v2\/pages"}],"about":[{"href":"https:\/\/www.tenisovecentrum.sk\/index.php?rest_route=\/wp\/v2\/types\/page"}],"author":[{"embeddable":true,"href":"https:\/\/www.tenisovecentrum.sk\/index.php?rest_route=\/wp\/v2\/users\/1"}],"replies":[{"embeddable":true,"href":"https:\/\/www.tenisovecentrum.sk\/index.php?rest_route=%2Fwp%2Fv2%2Fcomments&post=418"}],"version-history":[{"count":7,"href":"https:\/\/www.tenisovecentrum.sk\/index.php?rest_route=\/wp\/v2\/pages\/418\/revisions"}],"predecessor-version":[{"id":1144,"href":"https:\/\/www.tenisovecentrum.sk\/index.php?rest_route=\/wp\/v2\/pages\/418\/revisions\/1144"}],"up":[{"embeddable":true,"href":"https:\/\/www.tenisovecentrum.sk\/index.php?rest_route=\/wp\/v2\/pages\/39"}],"wp:attachment":[{"href":"https:\/\/www.tenisovecentrum.sk\/index.php?rest_route=%2Fwp%2Fv2%2Fmedia&parent=418"}],"curies":[{"name":"wp","href":"https:\/\/api.w.org\/{rel}","templated":true}]}}