{"id":70,"date":"2017-02-23T10:45:29","date_gmt":"2017-02-23T09:45:29","guid":{"rendered":"http:\/\/tc-bakalarskapraca.rhcloud.com\/?page_id=70"},"modified":"2020-04-21T20:19:16","modified_gmt":"2020-04-21T18:19:16","slug":"zimna-sezona","status":"publish","type":"page","link":"https:\/\/www.tenisovecentrum.sk\/?page_id=70","title":{"rendered":"Zimn\u00e1 sez\u00f3na"},"content":{"rendered":"<p>[vc_row][vc_column][vc_column_text]Zimn\u00e1 sez\u00f3na trv\u00e1 zvy\u010dajne od polovice okt\u00f3bra do konca apr\u00edla. V zimnej sez\u00f3ne pon\u00fakame na\u0161im z\u00e1kazn\u00edkom 2 dvorce v pevnej krytej hale s optislide povrchom (koberec s granul\u00e1tom). Pri v\u00fdstavbe pevnej haly sa dbalo na najpr\u00edsnej\u0161ie krit\u00e9ria, v\u010faka ktor\u00fdm sp\u013a\u0148ame medzin\u00e1rodn\u00e9 parametre ITF (International Tennis Federation) \u00a0t\u00fdkaj\u00face sa v\u00fd\u0161ky haly, kvality, intenzity a po\u010dtov luxov osvetlenia. Na kvalite povrchu sme si dali enormne z\u00e1le\u017ea\u0165 a tak ako jedin\u00fd v \u0161irokom okol\u00ed disponujeme s\u00edce tvrd\u00fdm povrchom, no v\u010faka jedine\u010dn\u00e9mu \u017eivicov\u00e9mu podl\u00f4\u017eku prin\u00e1\u0161a potrebn\u00fa pru\u017enos\u0165. V\u010faka svojej povrchovej kobercovej \u00faprave eliminuje drsnos\u0165 a chlad a granul\u00e1ty zabezpe\u010duj\u00fa potrebn\u00fd sklz.<\/p>\n<p>&nbsp;<\/p>\n<p>&nbsp;<\/p>\n<p>&nbsp;<\/p>\n<p>&nbsp;<\/p>\n<p>&nbsp;<\/p>\n<p><span style=\"color: #99cc00;\">\u00a0 \u00a0 \u00a0 \u00a0 \u00a0 \u00a0 \u00a0 \u00a0 \u00a0 \u00a0 \u00a0 \u00a0 \u00a0 \u00a0 \u00a0 \u00a0 \u00a0 \u00a0 \u00a0 \u00a0 \u00a0 \u00a0 \u00a0 \u00a0 \u00a0 \u00a0<\/span>[\/vc_column_text][\/vc_column][\/vc_row][vc_row][vc_column][vc_gallery type=&#8220;image_grid&#8220; images=&#8220;319,749,893,894,898,1018,1019,1020,1021,1022&#8243; title=&#8220;Fotogal\u00e9ria&#8220;][\/vc_column][\/vc_row]<\/p>\n","protected":false},"excerpt":{"rendered":"<p>[vc_row][vc_column][vc_column_text]Zimn\u00e1 sez\u00f3na trv\u00e1 zvy\u010dajne od polovice okt\u00f3bra do konca apr\u00edla. V zimnej sez\u00f3ne pon\u00fakame na\u0161im z\u00e1kazn\u00edkom 2 dvorce v pevnej krytej hale s optislide povrchom (koberec s granul\u00e1tom). Pri v\u00fdstavbe pevnej haly sa dbalo na najpr\u00edsnej\u0161ie krit\u00e9ria, v\u010faka ktor\u00fdm sp\u013a\u0148ame medzin\u00e1rodn\u00e9 parametre ITF (International Tennis Federation) \u00a0t\u00fdkaj\u00face sa v\u00fd\u0161ky haly, kvality, intenzity a po\u010dtov luxov [&hellip;]<\/p>\n","protected":false},"author":1,"featured_media":0,"parent":21,"menu_order":0,"comment_status":"closed","ping_status":"closed","template":"","meta":{"footnotes":""},"_links":{"self":[{"href":"https:\/\/www.tenisovecentrum.sk\/index.php?rest_route=\/wp\/v2\/pages\/70"}],"collection":[{"href":"https:\/\/www.tenisovecentrum.sk\/index.php?rest_route=\/wp\/v2\/pages"}],"about":[{"href":"https:\/\/www.tenisovecentrum.sk\/index.php?rest_route=\/wp\/v2\/types\/page"}],"author":[{"embeddable":true,"href":"https:\/\/www.tenisovecentrum.sk\/index.php?rest_route=\/wp\/v2\/users\/1"}],"replies":[{"embeddable":true,"href":"https:\/\/www.tenisovecentrum.sk\/index.php?rest_route=%2Fwp%2Fv2%2Fcomments&post=70"}],"version-history":[{"count":11,"href":"https:\/\/www.tenisovecentrum.sk\/index.php?rest_route=\/wp\/v2\/pages\/70\/revisions"}],"predecessor-version":[{"id":1188,"href":"https:\/\/www.tenisovecentrum.sk\/index.php?rest_route=\/wp\/v2\/pages\/70\/revisions\/1188"}],"up":[{"embeddable":true,"href":"https:\/\/www.tenisovecentrum.sk\/index.php?rest_route=\/wp\/v2\/pages\/21"}],"wp:attachment":[{"href":"https:\/\/www.tenisovecentrum.sk\/index.php?rest_route=%2Fwp%2Fv2%2Fmedia&parent=70"}],"curies":[{"name":"wp","href":"https:\/\/api.w.org\/{rel}","templated":true}]}}

Zimná sezóna

<p>[vc_row][vc_column][vc_column_text]Zimná sezóna trvá zvyčajne od polovice októbra do konca apríla. V zimnej sezóne ponúkame našim zákazníkom 2 dvorce v pevnej krytej hale s optislide povrchom (koberec s granulátom). Pri výstavbe pevnej haly sa dbalo na najprísnejšie kritéria, vďaka ktorým spĺňame medzinárodné parametre ITF (International Tennis Federation)  týkajúce sa výšky haly, kvality, intenzity a počtov luxov osvetlenia. Na kvalite povrchu sme si dali enormne záležať a tak ako jediný v širokom okolí disponujeme síce tvrdým povrchom, no vďaka jedinečnému živicovému podlôžku prináša potrebnú pružnosť. Vďaka svojej povrchovej kobercovej úprave eliminuje drsnosť a chlad a granuláty zabezpečujú potrebný sklz.</p>
<p>&nbsp;</p>
<p>&nbsp;</p>
<p>&nbsp;</p>
<p>&nbsp;</p>
<p>&nbsp;</p>
<p><span style="color: #99cc00;">                                                   </span>[/vc_column_text][/vc_column][/vc_row][vc_row][vc_column][vc_gallery type=&#8220;image_grid&#8220; images=&#8220;319,749,893,894,898,1018,1019,1020,1021,1022&#8243; title=&#8220;Fotogaléria&#8220;][/vc_column][/vc_row]</p>

<p>[vc_row][vc_column][vc_column_text]Zimná sezóna trvá zvyčajne od polovice októbra do konca apríla. V zimnej sezóne ponúkame našim zákazníkom 2 dvorce v pevnej krytej hale s optislide povrchom (koberec s granulátom). Pri výstavbe pevnej haly sa dbalo na najprísnejšie kritéria, vďaka ktorým spĺňame medzinárodné parametre ITF (International Tennis Federation)  týkajúce sa výšky haly, kvality, intenzity a počtov luxov [&hellip;]</p>
